{"id":3,"date":"2023-07-19T17:12:42","date_gmt":"2023-07-19T17:12:42","guid":{"rendered":"http:\/\/appwebworkplace.azurewebsites.net\/?page_id=3"},"modified":"2024-03-06T14:27:58","modified_gmt":"2024-03-06T14:27:58","slug":"privacy-policy","status":"publish","type":"page","link":"https:\/\/www.workplaceirsa.com.ar\/index.php\/privacy-policy\/","title":{"rendered":"POL\u00cdTICA DE PRIVACIDAD Y USO DE COOKIES\u00a0"},"content":{"rendered":"\n<div style=\"height:100px\" aria-hidden=\"true\" class=\"wp-block-spacer\"><\/div>\n\n\n\n<h2 class=\"wp-block-heading has-neve-link-color-color has-text-color\" id=\"politica-de-privacidad-y-uso-de-cookies\">POL\u00cdTICA DE PRIVACIDAD Y USO DE COOKIES&nbsp;<\/h2>\n\n\n\n<p>La presente Pol\u00edtica de Privacidad (la \u201cPol\u00edtica\u201d) describe la informaci\u00f3n que el sitio https:\/\/www.workplaceirsa.com.ar\/ (el \u201cSitio\u201d) recoge sobre sus usuarios y visitantes y lo que puede hacerse con dicha informaci\u00f3n. Al aceptarla, el usuario presta su consentimiento para que se utilice su informaci\u00f3n personal de acuerdo a las pol\u00edticas que se describen a continuaci\u00f3n.&nbsp;<\/p>\n\n\n\n<div style=\"height:37px\" aria-hidden=\"true\" class=\"wp-block-spacer\"><\/div>\n\n\n\n<h1 class=\"wp-block-heading\" id=\"i-responsable-de-los-datos\"><strong>I. RESPONSABLE DE LOS DATOS<\/strong>&nbsp;<\/h1>\n\n\n\n<p> El responsable del tratamiento y protecci\u00f3n de los datos personales ingresados por el usuario es IRSA INVERSIONES Y REPRESENTACIONES SOCIEDAD AN\u00d3NIMA (en adelante \u201cIRSA\u201d), constituyendo domicilio en Carlos Mar\u00eda Della Paolera 261, piso 9\u00b0, Ciudad Aut\u00f3noma de Buenos Aires, Rep\u00fablica Argentina y domicilio electr\u00f3nico:&nbsp; info@workplace.com.ar&nbsp;<\/p>\n\n\n\n<div style=\"height:50px\" aria-hidden=\"true\" class=\"wp-block-spacer\"><\/div>\n\n\n\n<h1 class=\"wp-block-heading\" id=\"ii-datos-obtenidos\"><strong>II. DATOS OBTENIDOS<\/strong>&nbsp;<\/h1>\n\n\n\n<p>Para cumplir con las finalidades se\u00f1aladas en la presente Pol\u00edtica de Privacidad, IRSA tratar\u00e1 los siguientes datos personales de identificaci\u00f3n (los \u201cDatos Personales\u201d):&nbsp;<\/p>\n\n\n\n<ul class=\"wp-block-list\">\n<li>Nombre y Apellido.&nbsp;<\/li>\n<\/ul>\n\n\n\n<ul class=\"wp-block-list\">\n<li>Correo electr\u00f3nico.&nbsp;<\/li>\n\n\n\n<li>Tel\u00e9fono.&nbsp;<\/li>\n\n\n\n<li>Nombre de la empresa.&nbsp;<\/li>\n\n\n\n<li>Consulta del Usuario en el recuadro de \u201cComentarios\u201d.&nbsp;<\/li>\n<\/ul>\n\n\n\n<p>Nosotros no recabamos datos personales sensibles en nuestro Sitio.&nbsp;<\/p>\n\n\n\n<p>El tratamiento de sus datos personales antes mencionados ser\u00e1 llevado a cabo por IRSA de conformidad con lo dispuesto por la Ley N\u00b0 25.326 de Protecci\u00f3n de Datos Personales (en adelante \u201cLPDP\u201d) y dem\u00e1s normativa aplicable.&nbsp;<\/p>\n\n\n\n<div style=\"height:30px\" aria-hidden=\"true\" class=\"wp-block-spacer\"><\/div>\n\n\n\n<h1 class=\"wp-block-heading\" id=\"iii-finalidades\"><strong>III. FINALIDADES<\/strong>&nbsp;<\/h1>\n\n\n\n<p>Los Datos Personales obtenidos a trav\u00e9s del Sitio ser\u00e1n utilizados por IRSA para las siguientes finalidades:&nbsp;<\/p>\n\n\n\n<ol class=\"wp-block-list\" start=\"1\">\n<li>Formar un perfil del Usuario y enviarles propuestas relacionadas a las membres\u00edas en los Espacios Cowork \u201cIRSA FLEX\u201d.&nbsp;<\/li>\n<\/ol>\n\n\n\n<ol class=\"wp-block-list\" start=\"2\">\n<li>Enviarle al Usuario informaci\u00f3n y material publicitario y\/o promocional relacionado con la actividad que desarrolla IRSA INVERSIONES Y REPRESENTACIONES SOCIEDAD AN\u00d3NIMA y\/o sus sociedades vinculadas, controlantes o controladas.&nbsp;<\/li>\n<\/ol>\n\n\n\n<div style=\"height:42px\" aria-hidden=\"true\" class=\"wp-block-spacer\"><\/div>\n\n\n\n<h1 class=\"wp-block-heading\" id=\"iv-almacenamiento\"><strong>IV. ALMACENAMIENTO<\/strong>&nbsp;<\/h1>\n\n\n\n<p>Los Datos Personales ser\u00e1n almacenados de modo que permitan el ejercicio del derecho de acceso de su titular y ser\u00e1n destruidos cuando hayan dejado de ser necesarios o pertinentes a los fines para los cuales hubiesen sido recolectados, as\u00ed como si el titular de tales Datos Personales solicitara su respectiva destrucci\u00f3n.&nbsp;<\/p>\n\n\n\n<p>Los Datos Personales informados por Usuario ser\u00e1n almacenados en una base de datos de titularidad de IRSA debidamente registrada en la Agencia de Acceso a la Informaci\u00f3n P\u00fablica \u00f3rgano de control de la Ley 25.326 de Protecci\u00f3n de Datos Personales y no tienen finalidades contrarias a las leyes y\/o a la moral p\u00fablica.&nbsp;<\/p>\n\n\n\n<p>Los Datos Personales ser\u00e1n almacenados en Amazon Web Servicies. Al respecto informamos que, al ser un servicio prestado en la nube, los datos podr\u00e1n almacenarse en cualquiera de los servidores de Amazon Web Servicies en los distintos pa\u00edses del mundo en los que dicha empresa tiene presencia. Los Datos Personales ser\u00e1n almacenados por el plazo que sea de utilidad a los efectos de cumplir con los fines indicados precedentemente. IRSA proteger\u00e1 la base de datos de acuerdo con los est\u00e1ndares impuestos por la normativa vigente y las reglas del arte que razonablemente brinden integridad y seguridad a los datos personales que contiene.&nbsp;<\/p>\n\n\n\n<p>De acuerdo a lo informado, al aceptar esta Pol\u00edtica el Usuario presta su consentimiento para que sus Datos Personales sean almacenados y\/o transferidos a los pa\u00edses en donde se encuentren los servidores de Amazon Web Servicies, aun cuando dichos pa\u00edses no posean una legislaci\u00f3n sobre protecci\u00f3n de datos personales equivalente a la legislaci\u00f3n argentina.&nbsp;<\/p>\n\n\n\n<div style=\"height:43px\" aria-hidden=\"true\" class=\"wp-block-spacer\"><\/div>\n\n\n\n<h1 class=\"wp-block-heading\" id=\"v-transferencias\"><strong>V. TRANSFERENCIAS<\/strong>&nbsp;<\/h1>\n\n\n\n<p>IRSA podr\u00e1 compartir sus datos personales con autoridades competentes cuando exista una obligaci\u00f3n legal o bien sea requerido por tales autoridades de forma expresa.&nbsp;<\/p>\n\n\n\n<p>En el caso en que sea necesario compartir sus datos personales con terceras partes fuera de Argentina,&nbsp; IRSA se compromete a cumplir con lo dispuesto por la legislaci\u00f3n Argentina en materia de protecci\u00f3n de datos personales para las transferencias internacionales y, en particular, con lo dispuesto por la Disposici\u00f3n 60E\/2016 de la Agencia de Acceso a la Informaci\u00f3n&nbsp;&nbsp;<\/p>\n\n\n\n<p>Al proporcionarnos tus datos declaras conocer y aceptar que podremos ceder y\/o transferir los mismos por IRSA INVERSIONES Y REPRESENTACIONES SOCIEDAD AN\u00d3NIMA a proveedores de servicios relacionados con la gesti\u00f3n del Software. Asimismo declara conocer y aceptar que podremos tambien ceder desde IRSA INVERSIONES Y REPRESENTACIONES SOCIEDAD AN\u00d3NIMA sus datos personales a sus sociedades vinculadas, controladas o controlantes para la utilizaci\u00f3n de los mismos en los bienes inmuebles de su propiedad,&nbsp; que sean administrados y\/o que sean utilizados como oficinas comerciales de estas, para los fines previstos en el Punto III de la presente Pol\u00edtica de Privacidad.&nbsp;<\/p>\n\n\n\n<div style=\"height:39px\" aria-hidden=\"true\" class=\"wp-block-spacer\"><\/div>\n\n\n\n<h1 class=\"wp-block-heading\" id=\"vi-derechos-arco\"><strong>VI. DERECHOS ARCO<\/strong>&nbsp;<\/h1>\n\n\n\n<p>Ponemos en su conocimiento que como titular de los Datos Personales recabados, tiene derecho a conocer con que informaci\u00f3n contamos, as\u00ed como el uso y tratamiento que se le da a los mismos en forma gratuita a intervalos no inferiores a los 6 meses conforme lo establecido en el art\u00edculo 14, inciso 3 de la Ley N\u00b0 25.326 (Resoluci\u00f3n 14\/2018). De igual manera tiene derecho solicitar la correcci\u00f3n de su informaci\u00f3n personal en caso de que est\u00e9 desactualizada, sea inexacta o incompleta (Rectificaci\u00f3n); que eliminemos su informaci\u00f3n, de nuestros registros o bases de datos cuando considere que la misma no est\u00e1\u0301 siendo utilizada conforme a los principios, deberes y obligaciones previstos en la normativa aplicable (Cancelaci\u00f3n); as\u00ed mismo puede oponerse al uso de sus datos personales para fines espec\u00edficos (Oposici\u00f3n). Estos derechos se conocen como derechos ARCO. &nbsp;<\/p>\n\n\n\n<p>Usted puede ejercer los derechos anteriormente mencionados enviando un correo electr\u00f3nico a la direcci\u00f3n:\u00a0<a href=\"mailto:clientes@irsa.com.ar\" target=\"_blank\" rel=\"noreferrer noopener\">clientes@irsa.com.ar<\/a> solicitando el ejercicio de los mismos y seguir el procedimiento que ser\u00e1 enviado junto con su solicitud; o bien si lo desea puede acudir directamente a las oficinas de IRSA INVERSIONES Y REPRESENTACIONES SOCIEDAD ANONIMA ubicadas en Carlos Maria\u00a0 Della Paolera 261, piso 9\u00b0, de la Ciudad Aut\u00f3noma de Buenos Aires, Rep\u00fablica Argentina, en donde se atender\u00e1 cualquier duda respecto al tratamiento de su informaci\u00f3n y se dar\u00e1\u0301 tr\u00e1mite a las solicitudes para el ejercicio de estos derechos. Al momento de ejercer alguno de los Derechos ARCO, deber\u00e1s acreditar tu identidad.\u00a0<\/p>\n\n\n\n<p>La Agencia de Acceso a la Informaci\u00f3n P\u00fablica, \u00d3rgano de Control de la Ley N\u00ba 25.326, tiene la atribuci\u00f3n de atender las denuncias y reclamos que se interpongan con relaci\u00f3n al incumplimiento de las normas sobre protecci\u00f3n de datos personales.&nbsp;<\/p>\n\n\n\n<p>Direcci\u00f3n: Av. Pte. Gral. Julio A. Roca 710, piso 5- Ciudad Aut\u00f3noma de Buenos Aires&nbsp;<\/p>\n\n\n\n<p>C\u00f3digo postal: C1067ABP&nbsp;<\/p>\n\n\n\n<p>Correo electr\u00f3nico: <a href=\"mailto:info@aaip.gob.ar\" target=\"_blank\" rel=\"noreferrer noopener\">info@aaip.gob.ar<\/a>&nbsp;<\/p>\n\n\n\n<div style=\"height:41px\" aria-hidden=\"true\" class=\"wp-block-spacer\"><\/div>\n\n\n\n<h1 class=\"wp-block-heading\" id=\"vii-el-uso-de-cookies\"><strong>VII. EL USO DE COOKIES<\/strong>&nbsp;<\/h1>\n\n\n\n<p>Al utilizar el Sitio declara conocer y aceptar que IRSA podr\u00e1 utilizar un sistema de seguimiento mediante la utilizaci\u00f3n de cookies (las &#8220;Cookies&#8221;). Las Cookies son peque\u00f1os archivos que se instalan en el disco r\u00edgido, con una duraci\u00f3n limitada en el tiempo que ayudan a personalizar los servicios. Tambi\u00e9n ofrecemos ciertas funcionalidades que s\u00f3lo est\u00e1n disponibles mediante el empleo de Cookies. Las Cookies se utilizan con el fin de conocer los intereses, el comportamiento y la demograf\u00eda de quienes visitan o son usuarios del Sitio y de esa forma, comprender mejor sus necesidades e intereses y darles un mejor servicio o proveerle informaci\u00f3n relacionada. Tambi\u00e9n usaremos la informaci\u00f3n obtenida por intermedio de las Cookies para analizar las p\u00e1ginas navegadas por el visitante o usuario, las b\u00fasquedas realizadas, mejorar nuestras iniciativas comerciales y promocionales, mostrar publicidad o promociones, banners de inter\u00e9s y noticias sobre el Servicio. IRSA podr\u00e1 agregar Cookies en los e-mails que env\u00ede para medir la efectividad de las promociones.&nbsp;<\/p>\n\n\n\n<p>Utilizamos adicionalmente las Cookies para que no tengas que introducir tu clave tan frecuentemente durante una sesi\u00f3n de navegaci\u00f3n, tambi\u00e9n para contabilizar y corroborar tus registraciones, tu actividad como usuario y otros conceptos para acuerdos comerciales, siempre teniendo como objetivo de la instalaci\u00f3n de las Cookies, el beneficio del usuario que la recibe, y no ser\u00e1 usado con otros fines ajenos al Servicio.&nbsp;<\/p>\n\n\n\n<p>Se establece que la instalaci\u00f3n, permanencia y existencia de las Cookies en el celular o computadora del usuario depende de su exclusiva voluntad y puede ser eliminada de su computadora cuando el usuario as\u00ed lo desee. Para saber c\u00f3mo quitar las Cookies del sistema es necesario revisar la secci\u00f3n Ayuda (Help) del navegador.&nbsp;<\/p>\n\n\n\n<p>Adicionalmente, se pueden encontrar Cookies u otros sistemas similares instalados por terceros en ciertas p\u00e1ginas de nuestra Aplicaci\u00f3n. Por ejemplo, al navegar por una p\u00e1gina creada por un usuario, puede que exista una Cookie emplazada en tal p\u00e1gina.&nbsp;<\/p>\n\n\n\n<p>Se aclara expresamente que estas pol\u00edticas cubren la utilizaci\u00f3n de Cookies por esta Aplicaci\u00f3n y no la utilizaci\u00f3n de Cookies por parte de anunciantes. Nosotros no controlamos el uso de Cookies por terceros.&nbsp;<\/p>\n\n\n\n<div style=\"height:36px\" aria-hidden=\"true\" class=\"wp-block-spacer\"><\/div>\n\n\n\n<h1 class=\"wp-block-heading\" id=\"viii-mantenimiento-de-los-datos-personales\"><strong>VIII. MANTENIMIENTO DE LOS DATOS PERSONALES<\/strong><\/h1>\n\n\n\n<p> Los Datos Personales ser\u00e1n conservados (i) por el tiempo que fuera necesario para la finalidad que fueron recogidos, (ii) por los plazos de prescripci\u00f3n que le sean de aplicaci\u00f3n, si pudieran surgir responsabilidades derivadas del tratamiento.&nbsp;<\/p>\n\n\n\n<div style=\"height:37px\" aria-hidden=\"true\" class=\"wp-block-spacer\"><\/div>\n\n\n\n<h1 class=\"wp-block-heading\" id=\"ix-actualizacion-de-la-politica-de-privacidad\"><strong>IX.&nbsp; ACTUALIZACI\u00d3N DE LA POL\u00cdTICA DE PRIVACIDAD<\/strong><\/h1>\n\n\n\n<p>La presente Pol\u00edtica de Privacidad podr\u00e1\u0301 ser modificada o actualizada en cualquier momento; en caso de que se realice alguna modificaci\u00f3n que requiera poner a su disposici\u00f3n un nuevo aviso, se le har\u00e1 saber mediante correo electr\u00f3nico a la cuenta de correo que se proporcion\u00f3 inicialmente, en caso de ser s\u00f3lo una actualizaci\u00f3n podr\u00e1 consultarlo en el Sitio.\u00a0<\/p>\n\n\n<div class=\"wp-block-image\">\n<figure class=\"aligncenter size-large\"><img decoding=\"async\" src=\"https:\/\/www.workplaceirsa.com.ar\/wp-content\/uploads\/2023\/07\/Spacer_1-1024x146.jpg\" alt=\"\" class=\"wp-image-195\"\/><\/figure>\n<\/div>\n\n\n<div style=\"height:100px\" aria-hidden=\"true\" class=\"wp-block-spacer\"><\/div>\n","protected":false},"excerpt":{"rendered":"<p>POL\u00cdTICA DE PRIVACIDAD Y USO DE COOKIES&nbsp; La presente Pol\u00edtica de Privacidad (la \u201cPol\u00edtica\u201d) describe la informaci\u00f3n que el sitio https:\/\/www.workplaceirsa.com.ar\/ (el \u201cSitio\u201d) recoge sobre sus usuarios y visitantes y lo que puede hacerse con dicha informaci\u00f3n. Al aceptarla, el usuario presta su consentimiento para que se utilice su informaci\u00f3n personal de acuerdo a las&hellip;&nbsp;<a href=\"https:\/\/www.workplaceirsa.com.ar\/index.php\/privacy-policy\/\" rel=\"bookmark\">Read More &raquo;<span class=\"screen-reader-text\">POL\u00cdTICA DE PRIVACIDAD Y USO DE COOKIES\u00a0<\/span><\/a><\/p>\n","protected":false},"author":1,"featured_media":0,"parent":0,"menu_order":0,"comment_status":"closed","ping_status":"open","template":"","meta":{"_uag_custom_page_level_css":"","neve_meta_sidebar":"","neve_meta_container":"","neve_meta_enable_content_width":"","neve_meta_content_width":0,"neve_meta_title_alignment":"","neve_meta_author_avatar":"","neve_post_elements_order":"","neve_meta_disable_header":"","neve_meta_disable_footer":"","neve_meta_disable_title":"","footnotes":""},"class_list":["post-3","page","type-page","status-publish","hentry"],"uagb_featured_image_src":{"full":false,"thumbnail":false,"medium":false,"medium_large":false,"large":false,"1536x1536":false,"2048x2048":false,"neve-blog":false},"uagb_author_info":{"display_name":"workplaceadmin","author_link":"https:\/\/www.workplaceirsa.com.ar\/index.php\/author\/worfaceadmin\/"},"uagb_comment_info":0,"uagb_excerpt":"POL\u00cdTICA DE PRIVACIDAD Y USO DE COOKIES&nbsp; La presente Pol\u00edtica de Privacidad (la \u201cPol\u00edtica\u201d) describe la informaci\u00f3n que el sitio https:\/\/www.workplaceirsa.com.ar\/ (el \u201cSitio\u201d) recoge sobre sus usuarios y visitantes y lo que puede hacerse con dicha informaci\u00f3n. Al aceptarla, el usuario presta su consentimiento para que se utilice su informaci\u00f3n personal de acuerdo a las&hellip;&nbsp;Read&hellip;","_links":{"self":[{"href":"https:\/\/www.workplaceirsa.com.ar\/index.php\/wp-json\/wp\/v2\/pages\/3","targetHints":{"allow":["GET"]}}],"collection":[{"href":"https:\/\/www.workplaceirsa.com.ar\/index.php\/wp-json\/wp\/v2\/pages"}],"about":[{"href":"https:\/\/www.workplaceirsa.com.ar\/index.php\/wp-json\/wp\/v2\/types\/page"}],"author":[{"embeddable":true,"href":"https:\/\/www.workplaceirsa.com.ar\/index.php\/wp-json\/wp\/v2\/users\/1"}],"replies":[{"embeddable":true,"href":"https:\/\/www.workplaceirsa.com.ar\/index.php\/wp-json\/wp\/v2\/comments?post=3"}],"version-history":[{"count":9,"href":"https:\/\/www.workplaceirsa.com.ar\/index.php\/wp-json\/wp\/v2\/pages\/3\/revisions"}],"predecessor-version":[{"id":874,"href":"https:\/\/www.workplaceirsa.com.ar\/index.php\/wp-json\/wp\/v2\/pages\/3\/revisions\/874"}],"wp:attachment":[{"href":"https:\/\/www.workplaceirsa.com.ar\/index.php\/wp-json\/wp\/v2\/media?parent=3"}],"curies":[{"name":"wp","href":"https:\/\/api.w.org\/{rel}","templated":true}]}}